{"id":7,"date":"2011-04-22T09:54:51","date_gmt":"2011-04-22T09:54:51","guid":{"rendered":"http:\/\/www.topimage.net\/?page_id=7"},"modified":"2017-10-26T10:11:57","modified_gmt":"2017-10-26T10:11:57","slug":"mission","status":"publish","type":"page","link":"http:\/\/www.topimage.net\/?page_id=7","title":{"rendered":"Mission"},"content":{"rendered":"<p>OGrazie al nostro entusiasmo, al nostro lavoro in team e ai nostri valori, vogliamo comunicare in modo vincente ed efficace: la comunicazione attraverso l&#8217;oggetto, infatti, da strumento marginale per il supporto dell&#8217;immagine aziendale, \u00e8 diventata elemento indispensabile per il funzionamento stesso dell&#8217;impresa; e farlo in maniera creativa significa innovare l&#8217;impresa, mantenerla al passo coi tempi e collocarla in una posizione di netto vantaggio nei confronti dei competitor.<br \/>\nIl nostro scopo \u00e8 quello di trasformare l&#8217;oggetto promozionale in qualcosa di unico. I nostri prodotti, non a caso, sono il risultato di un attento piano di marketing che tiene conto di fattori essenziali come la funzionalit\u00e0 dell&#8217;oggetto, la capacit\u00e0 di essere innovativo verso il proprio target di riferimento, la qualit\u00e0 dei materiali al giusto prezzo, la potenza comunicativa del prodotto e la sua capacit\u00e0 di stupire diventando cos\u00ec un oggetto indispensabile che trasmetter\u00e0 nel tempo il proprio messaggio.<br \/>\nDa questa serie di idee, nasce la nostra azienda, e grazie a ci\u00f2, i nostri clienti rimangono sempre pi\u00f9 soddisfatti e felici di affidarsi a noi.<br \/>\nE&#8217; questa la &#8220;mission&#8221; di Top Image, brand affermato nel settore dell\u2019oggettistica promozionale e non solo.<\/p>\n","protected":false},"excerpt":{"rendered":"<p>OGrazie al nostro entusiasmo, al nostro lavoro in team e ai nostri valori, vogliamo comunicare in modo vincente ed efficace: la comunicazione attraverso l&#8217;oggetto, infatti, da strumento marginale per il supporto dell&#8217;immagine aziendale, \u00e8 diventata elemento indispensabile per il funzionamento stesso dell&#8217;impresa; e farlo in maniera creativa significa innovare l&#8217;impresa, mantenerla al passo coi tempi [&hellip;]<\/p>\n","protected":false},"author":1,"featured_media":0,"parent":22,"menu_order":0,"comment_status":"open","ping_status":"open","template":"","meta":[],"_links":{"self":[{"href":"http:\/\/www.topimage.net\/index.php?rest_route=\/wp\/v2\/pages\/7"}],"collection":[{"href":"http:\/\/www.topimage.net\/index.php?rest_route=\/wp\/v2\/pages"}],"about":[{"href":"http:\/\/www.topimage.net\/index.php?rest_route=\/wp\/v2\/types\/page"}],"author":[{"embeddable":true,"href":"http:\/\/www.topimage.net\/index.php?rest_route=\/wp\/v2\/users\/1"}],"replies":[{"embeddable":true,"href":"http:\/\/www.topimage.net\/index.php?rest_route=%2Fwp%2Fv2%2Fcomments&post=7"}],"version-history":[{"count":13,"href":"http:\/\/www.topimage.net\/index.php?rest_route=\/wp\/v2\/pages\/7\/revisions"}],"predecessor-version":[{"id":176,"href":"http:\/\/www.topimage.net\/index.php?rest_route=\/wp\/v2\/pages\/7\/revisions\/176"}],"up":[{"embeddable":true,"href":"http:\/\/www.topimage.net\/index.php?rest_route=\/wp\/v2\/pages\/22"}],"wp:attachment":[{"href":"http:\/\/www.topimage.net\/index.php?rest_route=%2Fwp%2Fv2%2Fmedia&parent=7"}],"curies":[{"name":"wp","href":"https:\/\/api.w.org\/{rel}","templated":true}]}}